 -2*l**3 + 13*l**2 + 4*l + 17. What is y(7)?
-4
Let u(v) = v**3 - 13*v**2 - 13*v - 29. Give u(14).
-15
Let r(h) = 54*h**2 + 3*h - 3. Calculate r(1).
54
Let w(m) = 2*m**2 - 8*m - 9. Determine w(5).
1
Let k(x) = 4*x**3 + 2*x**2 - 2*x + 11. Give k(0).
11
Let w(j) = -j**3 - j - 1. What is w(0)?
-1
Let j(m) = m**2 - 9*m + 16. Calculate j(6).
-2
Let d(j) = -j**2 + 12*j + 136. Calculate d(19).
3
Let q(a) = -10*a - 2. What is q(-1)?
8
Let y(d) = 10*d + 9. Calculate y(4).
49
Let g(m) = -5*m + 23. What is g(3)?
8
Let o(c) = c + 10. Calculate o(-14).
-4
Let o(h) = -h**3 + 10*h**2 - 8*h + 6. Give o(7).
97
Let n(w) = -6*w + 7. Determine n(3).
-11
Let p(m) = 2*m. What is p(-1)?
-2
Let i(l) = l + 4. Calculate i(-4).
0
Let k(v) = -v**3 + 6*v**2 - 3*v - 2. Determine k(6).
-20
Let u(j) = -22*j**2 - j - 2. Give u(-1).
-23
Let v(l) = -l**3 + 7*l**2 - 30*l + 143. Determine v(6).
-1
Let b(r) = r**2 + 3*r + 2. Give b(3).
20
Let j(s) = -s + 35. Give j(55).
-20
Let l(c) = -c**2 - 17*c - 36. Determine l(-16).
-20
Let p(b) = -2*b**3 + 21*b**2 - 13*b + 23. Determine p(10).
-7
Let m(q) = -q**3 + 3*q**2 + 3*q - 6. Determine m(4).
-10
Let h(p) = p**3 - 10*p**2 - 9*p - 14. Give h(11).
8
Let b(q) = -2*q**3 - 8*q**2 - 3*q - 9. Give b(-4).
3
Let m(t) = 15*t**2 - 33*t + 2. What is m(2)?
-4
Let u(y) = -y**2 + 15*y + 7. What is u(18)?
-47
Let u(g) = -6*g - 218. Determine u(-39).
16
Let x(f) = -f**3 + 5*f**2 - 2*f - 1. Give x(4).
7
Let g(z) = z**2 + 40*z + 341. Determine g(-12).
5
Let a(h) = -h**2 - 10*h - 10. Determine a(-12).
-34
Let f(h) = -h + 9. Determine f(12).
-3
Let q(s) = 18*s**2 - 4*s - 3. Give q(-1).
19
Let t(g) = -12*g**3 - g**2. Calculate t(-1).
11
Let j(x) = -x**3 + 10*x**2 + 14*x + 10. Calculate j(11).
43
Let t(m) = 3*m**2 + 5*m - 21. Determine t(3).
21
Let k(b) = -b - 4. What is k(12)?
-16
Let u(t) = 4*t - 2. Determine u(-2).
-10
Let p(c) = -c**2 - 15*c + 132. Give p(6).
6
Let y(g) = -14*g**2 - g + 9. Give y(0).
9
Let c(j) = -26*j - 3. What is c(-2)?
49
Let c(o) = 2*o**3 + 10*o**2 + 3*o + 11. What is c(-5)?
-4
Let o(q) = -q**2 - 24*q - 23. What is o(-21)?
40
Let t(y) = y**3 - 2*y**2 - 3*y - 4. Calculate t(4).
16
Let w(z) = 2*z**2 - 5*z + 5. Calculate w(2).
3
Let b(w) = w**2 + 7*w + 12. Give b(-13).
90
Let i(k) = k**3 - 14*k**2 - 17*k + 5. Determine i(15).
-25
Let h(j) = j**3 + 14*j**2 - 3*j - 18. Give h(-14).
24
Let m(x) = -x**3 - 4*x**2 + x - 16. Give m(-5).
4
Let m(v) = -v**3 - 15*v**2 - 13*v + 7. Give m(-14).
-7
Let v(b) = b**3 + 22*b**2 - 21*b + 46. What is v(-23)?
0
Let r(j) = j**3 - 8*j**2 + 8*j + 5. Give r(4).
-27
Let k(t) = t**3 - t**2 + t - 2. Give k(0).
-2
Let v(z) = 2*z**3 + 35*z**2 - 12*z + 108. What is v(-18)?
0
Let g(w) = w**2 - 19*w - 216. Calculate g(27).
0
Let g(d) = d**2 - 19*d + 3. What is g(13)?
-75
Let s(g) = g**3 + 14*g**2 + 15*g + 32. Determine s(-13).
6
Let b(f) = f**3 + 10*f**2 - 20*f + 43. Give b(-12).
-5
Let o(d) = -d**2 - 5*d + 19. What is o(7)?
-65
Let l(c) = c**2 - 12*c + 8. Give l(9).
-19
Let p(c) = -c**2 - 11*c - 23. Determine p(-9).
-5
Let o(q) = q**2 - 23*q + 15. Calculate o(22).
-7
Let u(j) = 2*j**2 - 7*j - 9. Give u(6).
21
Let w(s) = 5*s**2 + 70*s + 19. Determine w(-14).
19
Let g(c) = -17*c + 265. What is g(16)?
-7
Let q(k) = -k**3 - 32*k**2 + 28*k - 176. Calculate q(-33).
-11
Let k(i) = 14*i. Give k(3).
42
Let j(u) = 3*u + 7. Calculate j(-7).
-14
Let l(t) = -t**2 - 28*t - 57. Calculate l(-26).
-5
Let g(f) = 53*f - 901. Determine g(17).
0
Let n(x) = -x**2 + 15*x - 9. Give n(14).
5
Let v(k) = k**2 - 7*k - 11. What is v(9)?
7
Let v(w) = -10*w - 439. Determine v(-46).
21
Let u(z) = -4*z**2 - 5*z - 7. Give u(-2).
-13
Let o(m) = m**2 - m - 5. What is o(-6)?
37
Let n(q) = -q + 10. Determine n(13).
-3
Let o(f) = f + 40. What is o(-6)?
34
Let c(d) = -d**3 + 22*d**2 - 42*d + 32. Determine c(20).
-8
Let z(g) = g**2 - g - 7. Calculate z(-3).
5
Let g(y) = -y**3 - 14*y**2 - 11*y - 5. Calculate g(-13).
-31
Let y(u) = u**3 + 7*u**2 + 3*u - 12. Determine y(-6).
6
Let x(c) = -c**3 - 10*c**2 - 8*c + 21. Determine x(-9).
12
Let t(l) = l**2 - 5*l - 82. Calculate t(10).
-32
Let r(u) = -2*u**2 + 4*u - 20. What is r(6)?
-68
Let h(z) = z**3 + 7*z**2 - 10*z - 2. What is h(-8)?
14
Let g(f) = f**3 - 10*f**2 + 12*f - 18. Determine g(9).
9
Let c(g) = -2*g - 29. What is c(-6)?
-17
Let d(i) = i + 11. Give d(-4).
7
Let u(a) = -4*a**3. Calculate u(1).
-4
Let n(j) = 6*j + 31. Calculate n(-5).
1
Let l(b) = -b**3 + 8*b**2 - 3*b + 1. Give l(6).
55
Let g(w) = 7*w + 106. What is g(-14)?
8
Let j(i) = 21*i**3 + 2*i**2 - 3*i + 3. What is j(2)?
173
Let u(m) = -m**3 + 6*m**2 + 3. Give u(6).
3
Let p(c) = -2*c + 2. Give p(2).
-2
Let k(h) = -3*h + 3. Give k(-12).
39
Let l(f) = f - 10. Give l(10).
0
Let x(r) = -43*r**2 - 3*r - 2. Give x(-1).
-42
Let k(r) = -40*r - 53. What is k(-1)?
-13
Let k(q) = -4*q + 3. Calculate k(5).
-17
Let i(w) = 13*w + 45. Calculate i(-4).
-7
Let i(k) = -k**2 - 10*k - 13. Determine i(-5).
12
Let f(c) = c**2 - 8*c + 7. Calculate f(7).
0
Let j(r) = 2*r + 24. Determine j(-13).
-2
Let c(j) = j**2 - 8*j + 10. What is c(8)?
10
Let w(d) = d**3 + 11*d**2 - 7*d + 9. Calculate w(-12).
-51
Let v(s) = -s**3 - 2*s**2 + 2*s - 1. Calculate v(-3).
2
Let y(c) = -c**2 + 8*c - 116. Determine y(0).
-116
Let w(x) = x**3 + 8*x**2 + 7*x + 1. Determine w(-7).
1
Let u(d) = 17*d - 3. What is u(-5)?
-88
Let j(f) = 51*f**3 - f**2 + 1. What is j(1)?
51
Let k(a) = a**3 - 8*a**2 + 5*a + 15. Determine k(7).
1
Let i(m) = -m**2 - 5*m + 72. Calculate i(-12).
-12
Let g(x) = -9*x + 4. Calculate g(0).
4
Let k(t) = -t**3 - 10*t**2 - 13*t - 15. Calculate k(-5).
-75
Let z(p) = -3*p**2 - 37*p - 7. Give z(-11).
37
Let d(z) = -33*z + 30. Calculate d(-6).
228
Let u(i) = -i**2 + 11*i - 6. What is u(10)?
4
Let i(s) = 3*s - 6. Give i(6).
12
Let w(r) = 2*r**2 - 24*r - 2. Give w(11).
-24
Let g(t) = 2*t**2 - 2*t - 18. What is g(10)?
162
Let p(w) = -w - 4. Determine p(-14).
10
Let p(d) = -2*d + 12. Determine p(6).
0
Let d(t) = t**3 - 8*t**2 - 11*t - 3. What is d(9)?
-21
Let m(o) = -o**2 - 9*o + 94. What is m(-14)?
24
Let l(t) = -t**3 + 16*t**2 - 13*t - 17. Give l(15).
13
Let g(r) = -r**3 + 5*r**2 + 4*r + 12. What is g(7)?
-58
Let l(u) = u**2 + 10*u + 10. Calculate l(-10).
10
Let j(m) = 35*m - 2. What is j(2)?
68
Let y(x) = -x + 5. What is y(22)?
-17
Let w(y) = y**2 - 14*y + 17. What is w(6)?
-31
Let h(w) = -w - 4. Give h(-13).
9
Let c(k) = -3*k**3 + 4*k**2 - 5*k + 4. Determine c(2).
-14
Let x(m) = 3*m - 30. Determine x(12).
6
Let h(b) = -2*b**3 + 3*b - 3. Calculate h(2).
-13
Let k(s) = s**3 + 5*s**2 - 23*s + 10. What is k(-8)?
2
Let i(q) = -4*q + 1. Give i(3).
-11
Let c(p) = p**2 - 30*p + 176. Calculate c(22).
0
Let q(s) = 2*s - 21. What is q(14)?
7
Let b(j) = -2*j + 10. Determine b(4).
2
Let h(g) = g**2 - 5*g - 14. Determine h(5).
-14
Let w(i) = i**3 + 25*i**2 - 55*i - 30. Determine w(-27).
-3
Let k(h) = h**2 - 5*h - 14. Determine k(-6).
52
Let i(r) = r**2 + 8*r + 10. Determine i(-2).
-2
Let f(w) = 2*w**3 + 30*w**2 + w + 17. Give f(-15).
2
Let z(y) = 2*y - 52. Give z(17).
-18
Let y(p) = -p**3 + 8*p**2 + 6*p + 21. What is y(9)?
-6
Let c(v) = 5*v**2 - 5*v + 9. What is c(2)?
19
Let n(f) = f**3 + 6*f**2 - 9*f + 9. Calculate n(-7).
23
Let x(i) = 3*i**2 - 29*i - 18. What is x(10)?
-8
Let y(s) = s**2 - 17*s + 13. Determine y(11).
-53
Let h(b) = b**3 + 6*b**2 - 2*b - 14. What is h(-6)?
-2
Let w(i) = i**2 - 35*i + 80. Calculate w(34).
46
Let x(y) = -7*y**2 + 10*y + 60. What is x(-4)?
-92
Let q(c) = -c + 3. Determine q(-5).
8
Let t(l) = 9*l + 34. Determine t(-6).
-20
Let y(b) = -b**2 + 9*b - 4. Determine y(7).
10
Let m(y) = -9*y**3. Determine m(-1).
9
Let k(h) = -3*h**2 + 15*h - 14. Calculate k(4).
-2
Let l(s) = 7*s**2 - 2*s + 2. Give l(3).
59
Let r(i) = i**2 + 11*i + 14. What is r(-7)?
-14
Let b(d) = 17*d - 66. Give b(4).
2
Let p(j) = -3*j - 11. Calculate p(0).
-11
Let i(w) = 3*w**3 - 10*w**2 + 4*w - 9. Determine i(3).
-6
Let x(t) = t**2 + 20*t - 9. Determine x(-18).
-45
Let o(i) = -325*i + 1631. Determine o(5).
6
Let m(i) = -i**3 - 30*i**2 + 31*i - 11. Determine m(-31).
-11
Let z(m) = -4*m**2 - 21*m + 52. Determine z(-7).
3
Let s(r) = 2*r - 3. Give s(2).
1
Let m(w) = -w**3 - 9*w**2 - 11*w - 17. Determine m(-8).
7
Let t(o) = -o**2 + 20*o + 52. Calculate t(23).
-17
Let p(d) = d**2 - 20*d. Determine p(0).
0
